est common divisor of 10 and m.
5
Let d(r) = -r**2 - 12*r - 2. Suppose -3*x - 12 = 9. Let v be d(x). Let s = v + -13. Calculate the highest common divisor of s and 4.
4
Suppose 3*h - 4*h + 28 = 0. Suppose 3*p - 23 + 2 = 0. Calculate the greatest common factor of h and p.
7
Let t(v) = 3*v. Let k be t(1). Suppose -9 = k*j - 4*j. Let g(w) = -8*w + 4. Let f be g(-4). What is the highest common factor of f and j?
9
Suppose 3*k - 45 = 2*k. Calculate the highest common divisor of k and 5.
5
Let b(y) = -y + 13. Suppose 20 = -2*z + 3*f + 2*f, 0 = -3*z + f - 4. Let w be b(z). What is the highest common divisor of 143 and w?
13
Let l be 114/8 - 3/12. Suppose 0 = -0*h - 11*h + 231. What is the highest common divisor of l and h?
7
Suppose 5*o - 2*o - 15 = 0. Calculate the highest common factor of o and 2.
1
Let g = -4 - -20. Suppose 4*q + 2*t + g = 0, -5*t + 2 = 4*q + 30. Let z be q/6 - (-136)/12. Calculate the highest common factor of 11 and z.
11
Let s be (6 - 33)/((-3)/2). Calculate the greatest common divisor of s and 72.
18
Suppose 0 = 2*y - 8 - 0. Let w be (-6)/y*4/(-6). What is the highest common factor of w and 1?
1
Let v(h) = h - 3. Let k be v(12). Let y = k + 2. What is the greatest common factor of 55 and y?
11
Suppose -p = -6*p + 25. Suppose -2*y + 63 = 5*z + 2*y, -4*z = p*y - 54. Calculate the highest common factor of z and 11.
11
Let v = -17 - -27. Calculate the greatest common factor of v and 110.
10
Let s(k) = -k**3 - 4*k**2 - 2*k + 5. Let c be s(-4). Let z = 4 + 9. What is the greatest common divisor of z and c?
13
Let n be 2 - (0 + 3 + -41). Suppose 4*i + 16 - n = 0. What is the greatest common divisor of i and 42?
6
Suppose 2*i - 4*q = -18 + 104, 0 = -2*i + q + 92. Let c = i + 9. Calculate the greatest common divisor of c and 8.
8
Let h = -1 + 57. Let l = -5 + 5. Let f be 42/((-6)/(-2)) + l. Calculate the highest common factor of h and f.
14
Let g(w) = -w - 6. Let i be g(-10). Let p be 828/26 - i/(-26). What is the greatest common factor of 4 and p?
4
Suppose -2*l + 5*q - 4 = -2, -2*l - 3*q = -14. Suppose 0 = -l*m - 10 + 50. Calculate the greatest common factor of 50 and m.
10
Suppose 32 = a - 4*h, a - 3*a = -h - 64. What is the greatest common factor of a and 16?
16
Suppose -27 = -3*i + 4*r, 4*r + r + 40 = 5*i. Let a = 45 + -10. Calculate the greatest common divisor of a and i.
5
Let r be 9/((-4 + 1)/(-15)). Let v be ((-30)/(-4))/(1/2). What is the highest common factor of r and v?
15
Suppose -2*p + 0*p = -228. Let j(f) = f**3 + 6*f**2 - f - 11. Let t be j(-5). What is the highest common divisor of t and p?
19
Let i be (((-3)/2)/(-3))/((-1)/(-48)). Calculate the greatest common factor of i and 32.
8
Suppose 0*v = -3*v - s + 32, -3*s = -5*v + 58. Calculate the highest common divisor of v and 1.
1
Let x(k) = k. Let m be (-1 - -4) + -2 + -1. Suppose 6 = -m*p - 3*p, 4*u - 22 = 3*p. Let o be x(u). Calculate the greatest common factor of o and 32.
4
Suppose -2*x = -0*x + j - 40, 2*x = j + 40. Suppose 3*a = -2*a + 25. Calculate the greatest common factor of x and a.
5
Let p be 9/3 + 41 - 4. Calculate the greatest common divisor of 30 and p.
10
Let m(i) = -i - 2*i - 4 + 5*i**2 + i**3 + i. Let h be m(-5). Suppose 0*g = g - h. What is the highest common factor of g and 66?
6
Let s(b) = 2*b + 7. Let h be s(5). What is the greatest common divisor of 17 and h?
17
Suppose -15*r = -1882 - 143. Calculate the highest common factor of r and 27.
27
Let t be (-1)/3*-21 + 2. Let f be 114/t*6/4. What is the highest common factor of 76 and f?
19
Let i(v) = 12*v**3 + v**2 - 2*v + 3. Let w be i(2). Suppose 9*h = 3*h + 66. Calculate the highest common divisor of h and w.
11
Let t = -22 + 86. Suppose -5*k = 3*m - t, -5*m + 0*k = 5*k - 100. Calculate the highest common factor of m and 6.
6
Let n(t) = -4*t - 12. Let u be n(-13). Calculate the greatest common divisor of u and 16.
8
Let x be 6/15 + 173/5. What is the greatest common divisor of x and 5?
5
Let t = 7 + -11. Let d = t - -2. Let s be (d/4)/(2/(-476)). Calculate the greatest common divisor of 17 and s.
17
Let s be 984/33 + 4/22. What is the greatest common factor of s and 15?
15
Suppose g - 125 = -45. Let n(j) = 4*j**2 + 2*j. Let s be n(-3). Let o = -20 + s. Calculate the greatest common divisor of o and g.
10
Suppose -3*c + 0*c = 12, 3*s - 2*c - 14 = 0. Suppose 12 = 2*m + s*g, m - g = -6*g + 22. Let z be 13*33/6*m. What is the highest common divisor of 13 and z?
13
Suppose 6*h + 2280 = h. Let v be h/(-28) - 4/14. Let t(q) = -q**3 + 4*q**2 + 2*q - 4. Let z be t(4). What is the highest common factor of z and v?
4
Let f(j) = 3*j - 7. Let s be f(7). Suppose -r + 0*r + s = 0. Calculate the highest common divisor of 42 and r.
14
Let a = 9 - -4. What is the highest common factor of 104 and a?
13
Let q be 18/1 + (0 - 2). Suppose v = 5*v + c + 4, 0 = -v + c + 4. Suppose 165 = o - 5*h + 36, v = 5*h - 15. What is the greatest common factor of q and o?
16
Let h = -46 - -142. Suppose 2*x + x = h. Suppose -3*g = -g - x. What is the highest common factor of g and 8?
8
Suppose 0 = -5*x - 5*w + 235, 4*x + x - 235 = -3*w. Let v = x - 33. Calculate the highest common factor of 7 and v.
7
Let h be ((-9)/(-6))/(1/4). Suppose -h*o = -3*z - o + 27, 9 = z + 2*o. Calculate the highest common factor of z and 45.
9
Suppose 4*n = 3*a + 45, 6 = 4*n + 4*a - 46. Let j = 2 + -2. Suppose j*l + 4*l = -2*g + 84, -129 = -3*g - 5*l. Calculate the highest common factor of n and g.
12
Let t = -5 + 14. Let u(a) = -a**3 - 3*a**2 + 7*a + 6. Let c be u(-6). What is the highest common divisor of c and t?
9
Let b(p) = -p**2 - 8*p + 6. Let o be b(-6). Let v = 113 - o. Calculate the highest common divisor of 38 and v.
19
Suppose 4*w + 10 - 34 = 0. Suppose 0 = z - w*z + 255. What is the highest common factor of 17 and z?
17
Suppose 0 = 4*n - 0*n + 44. Let q(p) = p**2 + 4*p + 8. Let r be q(n). Calculate the highest common factor of 34 and r.
17
Suppose 2*f = 4*f + 426. Let m = f + 330. Suppose t = 2*p - 31, -2*p - 4*t + 9 - 3 = 0. Calculate the greatest common factor of m and p.
13
Let a = 153 + -81. Suppose -w - w + 8 = 0, -5*z - 68 = -2*w. Let u be ((-9)/(-6))/((-2)/z). Calculate the greatest common divisor of a and u.
9
Suppose -q = 2*q - 30. What is the highest common divisor of q and 10?
10
Let k be (2 + -4)/(-2) - -349. Suppose 3*m - k = -2*m. Suppose 48 = 4*q + 8. Calculate the highest common factor of q and m.
10
Let v = 43 - -133. Calculate the greatest common divisor of 16 and v.
16
Let q = 1 + 8. Let d(x) = -2*x**3 - 3*x**2 + 3*x - 5. Let u be d(-4). What is the highest common divisor of u and q?
9
Let m be (-6)/4*(1 - 11). Let t be 4114/10 - 6/m. Suppose -5*h + 686 = 2*p, -p = 3*h - 0*h - t. What is the highest common divisor of h and 17?
17
Suppose -144 = -2*o + o. Suppose 32 = -2*k + 4*k. Calculate the greatest common factor of o and k.
16
Let y(f) = -2*f**3 + 2*f**2 + 2*f + 2. Let m be y(-2). Suppose -7 = 3*o + 5*a - 32, 0 = 2*o + 2*a - m. What is the greatest common factor of o and 15?
15
Let s(u) = -u**3 + 58. Let m be s(0). Let b = 84 - m. Calculate the highest common factor of b and 65.
13
Suppose 5*a + 8 = 7*a. Calculate the greatest common factor of 12 and a.
4
Suppose 4*u = 4*p + 20, 0 = 5*u - 0*u - 3*p - 27. Calculate the highest common divisor of u and 54.
6
Suppose 3*l + 224 = 8*l - v, -2*l + 94 = 4*v. Let g be 2 - -1 - (1 + -2). Suppose q = -g*q + l. Calculate the highest common factor of q and 81.
9
Suppose -4*s + s + 7 = -4*p, 4*s + 2*p - 24 = 0. Let n = s + 0. Suppose -n*i + 5*h - 5 = -25, -i - 12 = -5*h. Calculate the highest common divisor of 40 and i.
8
Let s be 4/(-18) - 6/(-27). Suppose 5*j - 11 = -b, s = 3*j + 6*b - 3*b - 9. Let i = -22 - -36. What is the greatest common divisor of j and i?
2
Suppose -2*k - 2*a - 25 = -125, -k + 25 = -4*a. What is the highest common factor of 5 and k?
5
Suppose 3*o - 22 - 29 = 0. Calculate the highest common divisor of 17 and o.
17
Let s be -4 - 2/(-1)*27. What is the highest common divisor of s and 20?
10
Let k be -3 + 10 - -3 - (7 + -6). Calculate the greatest common factor of 21 and k.
3
Let o(g) = -g**2 + 8*g - 2. Let x be o(6). Suppose 4*s = -j - x, -2*s - s = -4*j + 17. What is the greatest common factor of 8 and j?
2
Suppose 2*p = 6*t - t - 10, 4*t = -2*p - 10. Let f = 4 - 